List the prime factors of 3112916.
2, 79, 9851
List the prime factors of 1727303.
449, 3847
List the prime factors of 393661.
19, 20719
List the prime factors of 185499.
3, 20611
List the prime factors of 3799356.
2, 3, 11, 107, 269
List the prime factors of 6897872.
2, 31, 13907
List the prime factors of 24051702.
2, 3, 17, 37, 6373
What are the prime factors of 593196?
2, 3, 49433
What are the prime factors of 1381041?
3, 153449
What are the prime factors of 7496148?
2, 3, 11, 109, 521
What are the prime factors of 1037366?
2, 11, 61, 773
List the prime factors of 1212127.
7, 43, 4027
List the prime factors of 684341.
7, 59, 1657
What are the prime factors of 5929320?
2, 3, 5, 49411
List the prime factors of 1448406.
2, 3, 67, 1201
List the prime factors of 490863.
3, 163621
List the prime factors of 237382.
2, 118691
What are the prime factors of 663007?
663007
What are the prime factors of 140565?
3, 5, 9371
What are the prime factors of 3487143?
3, 11, 251, 421
What are the prime factors of 10019476?
2, 2504869
List the prime factors of 707030.
2, 5, 17, 4159
List the prime factors of 18881521.
167, 113063
List the prime factors of 1014792.
2, 3, 42283
What are the prime factors of 684715?
5, 136943
List the prime factors of 147549.
3, 137, 359
What are the prime factors of 1931582?
2, 965791
What are the prime factors of 5295867?
3, 1765289
What are the prime factors of 447172?
2, 11, 10163
What are the prime factors of 1424657?
13, 109589
List the prime factors of 124534.
2, 71, 877
What are the prime factors of 207430?
2, 5, 20743
What are the prime factors of 11920510?
2, 5, 7, 170293
What are the prime factors of 735978?
2, 3, 122663
What are the prime factors of 43969?
43969
What are the prime factors of 234092?
2, 43, 1361
What are the prime factors of 504634?
2, 13, 1493
What are the prime factors of 2428798?
2, 241, 5039
What are the prime factors of 6294649?
6294649
What are the prime factors of 126566?
2, 11, 523
List the prime factors of 54856.
2, 6857
What are the prime factors of 3908064?
2, 3, 40709
List the prime factors of 2496020.
2, 5, 37, 3373
What are the prime factors of 3711558?
2, 3, 618593
List the prime factors of 484704.
2, 3, 11, 17
What are the prime factors of 63423?
3, 29
List the prime factors of 5612171.
131, 42841
List the prime factors of 808043.
37, 21839
What are the prime factors of 26319794?
2, 109, 157, 769
What are the prime factors of 2059363?
17, 121139
What are the prime factors of 46252?
2, 31, 373
What are the prime factors of 55858?
2, 11, 2539
List the prime factors of 2070013.
11, 227, 829
What are the prime factors of 2210512?
2, 138157
List the prime factors of 15709.
23, 683
What are the prime factors of 102202?
2, 137, 373
List the prime factors of 2359735.
5, 7, 67421
List the prime factors of 75209.
75209
List the prime factors of 1015952.
2, 7, 47, 193
What are the prime factors of 2878411?
71, 571
List the prime factors of 1093.
1093
List the prime factors of 309416.
2, 38677
What are the prime factors of 416802?
2, 3, 69467
List the prime factors of 1093394.
2, 73, 7489
What are the prime factors of 2041372?
2, 73, 6991
What are the prime factors of 37634?
2, 31, 607
List the prime factors of 19942016.
2, 155797
What are the prime factors of 4620474?
2, 3, 107, 2399
List the prime factors of 5522422.
2, 733, 3767
What are the prime factors of 4776761?
11, 227, 1913
List the prime factors of 27895120.
2, 5, 11, 31699
What are the prime factors of 3736409?
3736409
List the prime factors of 126463.
17, 43, 173
What are the prime factors of 1342631?
163, 8237
List the prime factors of 837890.
2, 5, 23, 3643
List the prime factors of 154809.
3, 103, 167
What are the prime factors of 1599851?
11, 145441
What are the prime factors of 14228299?
29, 490631
List the prime factors of 4830321.
3, 1610107
List the prime factors of 321061.
13, 24697
List the prime factors of 718228.
2, 7, 113, 227
What are the prime factors of 158444?
2, 11, 13, 277
List the prime factors of 10278976.
2, 23, 6983
List the prime factors of 7414627.
11, 674057
List the prime factors of 1459826.
2, 729913
What are the prime factors of 920667?
3, 11, 23, 1213
What are the prime factors of 2477607?
3, 11, 75079
List the prime factors of 123999.
3, 41333
What are the prime factors of 4196786?
2, 11, 190763
List the prime factors of 73764.
2, 3, 683
List the prime factors of 3369611.
7, 481373
What are the prime factors of 3900223?
3900223
What are the prime factors of 1979418?
2, 3, 7, 47129
What are the prime factors of 161937?
3, 19, 947
What are the prime factors of 1514899?
53, 101, 283
List the prime factors of 133043.
233, 571
What are the prime factors of 3132067?
263, 11909
What are the prime factors of 20229363?
3, 7, 11, 29191
What are the prime factors of 21695?
5, 4339
List the prime factors of 696237.
3, 232079
List the prime factors of 101331.
3, 139
What are the prime factors of 2513748?
2, 3, 47, 4457
What are the prime factors of 2811165?
3, 5, 7, 41, 653
List the prime factors of 1401047.
149, 9403
What are the prime factors of 2847287?
2847287
List the prime factors of 214359.
3, 71453
What are the prime factors of 8351738?
2, 4175869
List the prime factors of 85040.
2, 5, 1063
List the prime factors of 527601.
3, 71, 2477
List the prime factors of 2703970.
2, 5, 59, 4583
List the prime factors of 69415.
5, 13883
What are the prime factors of 1716941?
1716941
What are the prime factors of 677735?
5, 89, 1523
List the prime factors of 2190263.
17, 19, 6781
List the prime factors of 11434385.
5, 2286877
List the prime factors of 23059817.
11, 190577
What are the prime factors of 717996?
2, 3, 59833
What are the prime factors of 1832980?
2, 5, 37, 2477
What are the prime factors of 323040?
2, 3, 5, 673
What are the prime factors of 4108674?
2, 3, 19, 23, 1567
List the prime factors of 2145906.
2, 3, 7, 811
What are the prime factors of 1269577?
17, 23, 191
List the prime factors of 471778.
2, 235889
What are the prime factors of 599938?
2, 299969
What are the prime factors of 201277?
431, 467
What are the prime factors of 4420687?
4420687
List the prime factors of 1124341.
409, 2749
List the prime factors of 1270377.
3, 47051
List the prime factors of 21757509.
3, 2417501
List the prime factors of 8528650.
2, 5, 13, 13121
What are the prime factors of 1975694?
2, 7, 141121
List the prime factors of 75894.
2, 3, 7, 13, 139
What are the prime factors of 18845816?
2, 11, 331, 647
List the prime factors of 83979.
3, 7, 31, 43
What are the prime factors of 1029680?
2, 5, 61, 211
What are the prime factors of 164624?
2, 10289
List the prime factors of 3232442.
2, 1616221
What are the prime factors of 9360890?
2, 5, 7, 11, 12157
What are the prime factors of 1372534?
2, 686267
List the prime factors of 5229951.
3, 1743317
What are the prime factors of 959046?
2, 3, 11, 1321
What are the prime factors of 669045?
3, 5, 13, 47, 73
What are the prime factors of 129829?
7, 17, 1091
What are the prime factors of 1178162?
2, 97, 6073
List the prime factors of 18095118.
2, 3, 167, 18059
What are the prime factors of 2081476?
2, 520369
What are the prime factors of 1626291?
3, 29, 31, 67
List the prime factors of 7229192.
2, 903649
What are the prime factors of 1921938?
2, 3, 31, 10333
List the prime factors of 462075.
3, 5, 61, 101
What are the prime factors of 5478705?
3, 5, 40583
What are the prime factors of 6064298?
2, 3032149
List the prime factors of 971727.
3, 23, 14083
What are the prime factors of 3511293?
3, 347, 3373
List the prime factors of 83762.
2, 7, 31, 193
List the prime factors of 11224964.
2, 17, 383, 431
What are the prime factors of 492655?
5, 37, 2663
List the prime factors of 1539022.
2, 23, 33457
List the prime factors of 2293962.
2, 3, 11, 34757
List the prime factors of 10031982.
2, 3, 1671997
What are the prime factors of 66414?
2, 3, 11069
What are the prime factors of 151214?
2, 7, 1543
List the prime factors of 142856.
2, 7, 2551
List the prime factors of 1147991.
13, 233, 379
List the prime factors of 508512.
2, 3, 5297
List the prime factors of 5223235.
5, 607, 1721
What are the prime factors of 646030?
2, 5, 7, 11, 839
List the prime factors of 190302.
2, 3, 7, 23, 197
What are 